{"id":6870,"date":"2017-01-11T15:36:55","date_gmt":"2017-01-11T14:36:55","guid":{"rendered":"https:\/\/tamed.es\/project\/ideas-magazine-ie\/"},"modified":"2023-11-21T18:36:47","modified_gmt":"2023-11-21T17:36:47","slug":"ideas-magazine-ie","status":"publish","type":"portfolio_item","link":"https:\/\/tamed.es\/es\/project\/ideas-magazine-ie\/","title":{"rendered":"Ideas Magazine | IE"},"content":{"rendered":"<h2><strong>Revista | IE<\/strong><\/h2>\n<p><strong>Creaci\u00f3n, dise\u00f1o y coordinaci\u00f3n de edici\u00f3n<\/strong> de la revista IDEAS, publicaci\u00f3n peri\u00f3dica internacional del Instituto de Empresa (IE). Maquetaci\u00f3n, producci\u00f3n de ilustraciones, selecci\u00f3n y edici\u00f3n de fotograf\u00edas.<\/p>\n<p><div class=\"twocol-one\"><img loading=\"lazy\" class=\"alignnone size-large wp-image-5804\" src=\"https:\/\/tamed.es\/wp-content\/uploads\/2017\/11\/EDITORIAL_Ideas-787x1024.jpg\" alt=\"\" width=\"787\" height=\"1024\" \/> <img loading=\"lazy\" class=\"alignnone size-large wp-image-6061\" src=\"https:\/\/tamed.es\/wp-content\/uploads\/2017\/01\/IE04-1024x717.jpg\" alt=\"\" width=\"930\" height=\"651\" \/><\/div> <div class=\"twocol-one last\"><img loading=\"lazy\" class=\"alignnone size-large wp-image-6060\" src=\"https:\/\/tamed.es\/wp-content\/uploads\/2017\/01\/IE05-1024x717.jpg\" alt=\"\" width=\"930\" height=\"651\" \/> <img loading=\"lazy\" class=\"alignnone size-large wp-image-6063\" src=\"https:\/\/tamed.es\/wp-content\/uploads\/2017\/01\/IE02-1024x717.jpg\" alt=\"\" width=\"930\" height=\"651\" \/> <img loading=\"lazy\" class=\"alignnone size-large wp-image-6062\" src=\"https:\/\/tamed.es\/wp-content\/uploads\/2017\/01\/IE03-1024x717.jpg\" alt=\"\" width=\"930\" height=\"651\" \/><\/div><\/p>\n","protected":false},"excerpt":{"rendered":"<p>Revista | IE Creaci\u00f3n, dise\u00f1o y coordinaci\u00f3n de edici\u00f3n de la revista IDEAS, publicaci\u00f3n peri\u00f3dica internacional del Instituto de Empresa (IE). Maquetaci\u00f3n, producci\u00f3n de ilustraciones, selecci\u00f3n y edici\u00f3n de fotograf\u00edas.<\/p>\n","protected":false},"author":1,"featured_media":6535,"comment_status":"open","ping_status":"closed","template":"","meta":[],"portfolio":[56],"_links":{"self":[{"href":"https:\/\/tamed.es\/es\/wp-json\/wp\/v2\/portfolio_item\/6870"}],"collection":[{"href":"https:\/\/tamed.es\/es\/wp-json\/wp\/v2\/portfolio_item"}],"about":[{"href":"https:\/\/tamed.es\/es\/wp-json\/wp\/v2\/types\/portfolio_item"}],"author":[{"embeddable":true,"href":"https:\/\/tamed.es\/es\/wp-json\/wp\/v2\/users\/1"}],"replies":[{"embeddable":true,"href":"https:\/\/tamed.es\/es\/wp-json\/wp\/v2\/comments?post=6870"}],"wp:featuredmedia":[{"embeddable":true,"href":"https:\/\/tamed.es\/es\/wp-json\/wp\/v2\/media\/6535"}],"wp:attachment":[{"href":"https:\/\/tamed.es\/es\/wp-json\/wp\/v2\/media?parent=6870"}],"wp:term":[{"taxonomy":"portfolio","embeddable":true,"href":"https:\/\/tamed.es\/es\/wp-json\/wp\/v2\/portfolio?post=6870"}],"curies":[{"name":"wp","href":"https:\/\/api.w.org\/{rel}","templated":true}]}}

<h2><strong>Revista | IE</strong></h2>
<p><strong>Creación, diseño y coordinación de edición</strong> de la revista IDEAS, publicación periódica internacional del Instituto de Empresa (IE). Maquetación, producción de ilustraciones, selección y edición de fotografías.</p>
<p><div class="twocol-one"><img loading="lazy" class="alignnone size-large wp-image-5804" src="https://tamed.es/wp-content/uploads/2017/11/EDITORIAL_Ideas-787x1024.jpg" alt="" width="787" height="1024" /> <img loading="lazy" class="alignnone size-large wp-image-6061" src="https://tamed.es/wp-content/uploads/2017/01/IE04-1024x717.jpg" alt="" width="930" height="651" /></div> <div class="twocol-one last"><img loading="lazy" class="alignnone size-large wp-image-6060" src="https://tamed.es/wp-content/uploads/2017/01/IE05-1024x717.jpg" alt="" width="930" height="651" /> <img loading="lazy" class="alignnone size-large wp-image-6063" src="https://tamed.es/wp-content/uploads/2017/01/IE02-1024x717.jpg" alt="" width="930" height="651" /> <img loading="lazy" class="alignnone size-large wp-image-6062" src="https://tamed.es/wp-content/uploads/2017/01/IE03-1024x717.jpg" alt="" width="930" height="651" /></div></p>

<p>Revista | IE Creación, diseño y coordinación de edición de la revista IDEAS, publicación periódica internacional del Instituto de Empresa (IE). Maquetación, producción de ilustraciones, selección y edición de fotografías.</p>
