{"id":6874,"date":"2017-01-07T15:36:18","date_gmt":"2017-01-07T14:36:18","guid":{"rendered":"https:\/\/tamed.es\/project\/tendencias-magazine-cbre\/"},"modified":"2023-11-21T18:39:59","modified_gmt":"2023-11-21T17:39:59","slug":"tendencias-magazine-cbre","status":"publish","type":"portfolio_item","link":"https:\/\/tamed.es\/es\/project\/tendencias-magazine-cbre\/","title":{"rendered":"Tendencias Magazine | CBRE"},"content":{"rendered":"<h2><strong>Revista | TENDENCIAS CBRE<\/strong><\/h2>\n<p><strong>Dise\u00f1o y coordinaci\u00f3n de edici\u00f3n, producci\u00f3n y distribuci\u00f3n <\/strong>de la revista inmobiliaria anual de CBRE. \u2018Tendencias\/Trends\u2019 <\/p>\n<p><div class=\"twocol-one\"><img loading=\"lazy\" class=\"alignnone size-large wp-image-6084\" style=\"font-family: -apple-system, BlinkMacSystemFont, 'Segoe UI', Roboto, Oxygen-Sans, Ubuntu, Cantarell, 'Helvetica Neue', sans-serif\" src=\"https:\/\/tamed.es\/wp-content\/uploads\/2017\/01\/Tendencias6-1024x717.jpg\" alt=\"\" width=\"930\" height=\"651\" \/><img loading=\"lazy\" class=\"alignnone size-large wp-image-6058\" style=\"font-family: -apple-system, BlinkMacSystemFont, 'Segoe UI', Roboto, Oxygen-Sans, Ubuntu, Cantarell, 'Helvetica Neue', sans-serif\" src=\"https:\/\/tamed.es\/wp-content\/uploads\/2017\/01\/Trend03-1024x683.jpeg\" alt=\"\" width=\"930\" height=\"620\" \/><span style=\"font-family: -apple-system, BlinkMacSystemFont, 'Segoe UI', Roboto, Oxygen-Sans, Ubuntu, Cantarell, 'Helvetica Neue', sans-serif\"><\/div> <div class=\"twocol-one last\"><\/span><img loading=\"lazy\" class=\"alignnone size-large wp-image-5839\" style=\"font-family: -apple-system, BlinkMacSystemFont, 'Segoe UI', Roboto, Oxygen-Sans, Ubuntu, Cantarell, 'Helvetica Neue', sans-serif\" src=\"https:\/\/tamed.es\/wp-content\/uploads\/2017\/11\/EDITORIAL_Trends2-682x1024.jpeg\" alt=\"\" width=\"682\" height=\"1024\" \/><span style=\"font-family: -apple-system, BlinkMacSystemFont, 'Segoe UI', Roboto, Oxygen-Sans, Ubuntu, Cantarell, 'Helvetica Neue', sans-serif\"><\/div><\/span><img decoding=\"async\" loading=\"lazy\" class=\"alignnone size-large wp-image-5805\" style=\"font-family: -apple-system, BlinkMacSystemFont, 'Segoe UI', Roboto, Oxygen-Sans, Ubuntu, Cantarell, 'Helvetica Neue', sans-serif;\" src=\"https:\/\/tamed.es\/wp-content\/uploads\/2017\/11\/EDITORIAL_Trends-1024x683.jpg\" alt=\"\" width=\"930\" height=\"620\" srcset=\"https:\/\/tamed.es\/wp-content\/uploads\/2017\/11\/EDITORIAL_Trends-1024x683.jpg 1024w, https:\/\/tamed.es\/wp-content\/uploads\/2017\/11\/EDITORIAL_Trends-300x200.jpg 300w, https:\/\/tamed.es\/wp-content\/uploads\/2017\/11\/EDITORIAL_Trends-768x512.jpg 768w, https:\/\/tamed.es\/wp-content\/uploads\/2017\/11\/EDITORIAL_Trends-82x55.jpg 82w, https:\/\/tamed.es\/wp-content\/uploads\/2017\/11\/EDITORIAL_Trends-1800x1201.jpg 1800w, https:\/\/tamed.es\/wp-content\/uploads\/2017\/11\/EDITORIAL_Trends-1000x667.jpg 1000w, https:\/\/tamed.es\/wp-content\/uploads\/2017\/11\/EDITORIAL_Trends-600x400.jpg 600w, https:\/\/tamed.es\/wp-content\/uploads\/2017\/11\/EDITORIAL_Trends-840x560.jpg 840w, https:\/\/tamed.es\/wp-content\/uploads\/2017\/11\/EDITORIAL_Trends.jpg 2000w\" sizes=\"(max-width: 930px) 100vw, 930px\" \/><\/p>\n","protected":false},"excerpt":{"rendered":"<p>Revista | TENDENCIAS CBRE Dise\u00f1o y coordinaci\u00f3n de edici\u00f3n, producci\u00f3n y distribuci\u00f3n de la revista inmobiliaria anual de CBRE. \u2018Tendencias\/Trends\u2019<\/p>\n","protected":false},"author":1,"featured_media":6536,"comment_status":"open","ping_status":"closed","template":"","meta":[],"portfolio":[56],"_links":{"self":[{"href":"https:\/\/tamed.es\/es\/wp-json\/wp\/v2\/portfolio_item\/6874"}],"collection":[{"href":"https:\/\/tamed.es\/es\/wp-json\/wp\/v2\/portfolio_item"}],"about":[{"href":"https:\/\/tamed.es\/es\/wp-json\/wp\/v2\/types\/portfolio_item"}],"author":[{"embeddable":true,"href":"https:\/\/tamed.es\/es\/wp-json\/wp\/v2\/users\/1"}],"replies":[{"embeddable":true,"href":"https:\/\/tamed.es\/es\/wp-json\/wp\/v2\/comments?post=6874"}],"wp:featuredmedia":[{"embeddable":true,"href":"https:\/\/tamed.es\/es\/wp-json\/wp\/v2\/media\/6536"}],"wp:attachment":[{"href":"https:\/\/tamed.es\/es\/wp-json\/wp\/v2\/media?parent=6874"}],"wp:term":[{"taxonomy":"portfolio","embeddable":true,"href":"https:\/\/tamed.es\/es\/wp-json\/wp\/v2\/portfolio?post=6874"}],"curies":[{"name":"wp","href":"https:\/\/api.w.org\/{rel}","templated":true}]}}

<h2><strong>Revista | TENDENCIAS CBRE</strong></h2>
<p><strong>Diseño y coordinación de edición, producción y distribución </strong>de la revista inmobiliaria anual de CBRE. ‘Tendencias/Trends’ </p>
<p><div class="twocol-one"><img loading="lazy" class="alignnone size-large wp-image-6084" style="font-family: -apple-system, BlinkMacSystemFont, 'Segoe UI', Roboto, Oxygen-Sans, Ubuntu, Cantarell, 'Helvetica Neue', sans-serif" src="https://tamed.es/wp-content/uploads/2017/01/Tendencias6-1024x717.jpg" alt="" width="930" height="651" /><img loading="lazy" class="alignnone size-large wp-image-6058" style="font-family: -apple-system, BlinkMacSystemFont, 'Segoe UI', Roboto, Oxygen-Sans, Ubuntu, Cantarell, 'Helvetica Neue', sans-serif" src="https://tamed.es/wp-content/uploads/2017/01/Trend03-1024x683.jpeg" alt="" width="930" height="620" /><span style="font-family: -apple-system, BlinkMacSystemFont, 'Segoe UI', Roboto, Oxygen-Sans, Ubuntu, Cantarell, 'Helvetica Neue', sans-serif"></div> <div class="twocol-one last"></span><img loading="lazy" class="alignnone size-large wp-image-5839" style="font-family: -apple-system, BlinkMacSystemFont, 'Segoe UI', Roboto, Oxygen-Sans, Ubuntu, Cantarell, 'Helvetica Neue', sans-serif" src="https://tamed.es/wp-content/uploads/2017/11/EDITORIAL_Trends2-682x1024.jpeg" alt="" width="682" height="1024" /><span style="font-family: -apple-system, BlinkMacSystemFont, 'Segoe UI', Roboto, Oxygen-Sans, Ubuntu, Cantarell, 'Helvetica Neue', sans-serif"></div></span><img decoding="async" loading="lazy" class="alignnone size-large wp-image-5805" style="font-family: -apple-system, BlinkMacSystemFont, 'Segoe UI', Roboto, Oxygen-Sans, Ubuntu, Cantarell, 'Helvetica Neue', sans-serif;" src="https://tamed.es/wp-content/uploads/2017/11/EDITORIAL_Trends-1024x683.jpg" alt="" width="930" height="620" srcset="https://tamed.es/wp-content/uploads/2017/11/EDITORIAL_Trends-1024x683.jpg 1024w, https://tamed.es/wp-content/uploads/2017/11/EDITORIAL_Trends-300x200.jpg 300w, https://tamed.es/wp-content/uploads/2017/11/EDITORIAL_Trends-768x512.jpg 768w, https://tamed.es/wp-content/uploads/2017/11/EDITORIAL_Trends-82x55.jpg 82w, https://tamed.es/wp-content/uploads/2017/11/EDITORIAL_Trends-1800x1201.jpg 1800w, https://tamed.es/wp-content/uploads/2017/11/EDITORIAL_Trends-1000x667.jpg 1000w, https://tamed.es/wp-content/uploads/2017/11/EDITORIAL_Trends-600x400.jpg 600w, https://tamed.es/wp-content/uploads/2017/11/EDITORIAL_Trends-840x560.jpg 840w, https://tamed.es/wp-content/uploads/2017/11/EDITORIAL_Trends.jpg 2000w" sizes="(max-width: 930px) 100vw, 930px" /></p>

<p>Revista | TENDENCIAS CBRE Diseño y coordinación de edición, producción y distribución de la revista inmobiliaria anual de CBRE. ‘Tendencias/Trends’</p>
