{"id":6875,"date":"2017-01-06T15:40:07","date_gmt":"2017-01-06T14:40:07","guid":{"rendered":"https:\/\/tamed.es\/project\/torre-espacio-identity-aguirre-newman\/"},"modified":"2023-11-21T18:40:40","modified_gmt":"2023-11-21T17:40:40","slug":"torre-espacio-identity-aguirre-newman","status":"publish","type":"portfolio_item","link":"https:\/\/tamed.es\/es\/project\/torre-espacio-identity-aguirre-newman\/","title":{"rendered":"Identidad Torre Espacio"},"content":{"rendered":"<h2><strong>Proyecto | TORRE ESPACIO<\/strong><\/h2>\n<p><strong>Dise\u00f1o de propuesta gr\u00e1fica<\/strong> para el edificio Torre Espacio en Madrid, en el \u00c1rea Empresarial Cuatro Torres. Proyecto producido para Aguirre Newman.<\/p>\n<div class=\"twocol-one\">\n<div style=\"width: 800px\" class=\"wp-video\"><!--[if lt IE 9]&gt;document.createElement('video');&lt;![endif]-->\n<video class=\"wp-video-shortcode\" id=\"video-6875-1\" width=\"800\" height=\"450\" preload=\"metadata\" controls=\"controls\"><a href=\"https:\/\/tamed.es\/wp-content\/uploads\/2017\/01\/video-TORRE-ESPACIO_con-cortinilla_small-2.m4v\">https:\/\/tamed.es\/wp-content\/uploads\/2017\/01\/video-TORRE-ESPACIO_con-cortinilla_small-2.m4v<\/a><\/video><\/div>\n<p><img loading=\"lazy\" class=\"alignnone size-large wp-image-6009\" src=\"https:\/\/tamed.es\/wp-content\/uploads\/2017\/01\/TorreEspacio02-683x1024.jpg\" alt=\"\" width=\"683\" height=\"1024\" \/><\/div> <div class=\"twocol-one last\">\n<div style=\"width: 930px\" class=\"wp-video\"><video class=\"wp-video-shortcode\" id=\"video-6875-2\" width=\"930\" height=\"523\" preload=\"metadata\" controls=\"controls\"><a href=\"https:\/\/tamed.es\/wp-content\/uploads\/2017\/11\/Video_web_3.m4v\">https:\/\/tamed.es\/wp-content\/uploads\/2017\/11\/Video_web_3.m4v<\/a><\/video><\/div>\n<p><img loading=\"lazy\" class=\"alignnone size-large wp-image-6008\" src=\"https:\/\/tamed.es\/wp-content\/uploads\/2017\/01\/TorreEspacio00-2-1024x717.jpg\" alt=\"\" width=\"930\" height=\"651\" \/> <img loading=\"lazy\" class=\"alignnone size-large wp-image-6010\" src=\"https:\/\/tamed.es\/wp-content\/uploads\/2017\/01\/TorreEspacio01-1024x717.jpg\" alt=\"\" width=\"930\" height=\"651\" \/><\/div><\/p>\n","protected":false},"excerpt":{"rendered":"<p>Proyecto | TORRE ESPACIO Dise\u00f1o de propuesta gr\u00e1fica para el edificio Torre Espacio en Madrid, en el \u00c1rea Empresarial Cuatro Torres. Proyecto producido para Aguirre Newman.<\/p>\n","protected":false},"author":1,"featured_media":6621,"comment_status":"open","ping_status":"closed","template":"","meta":[],"portfolio":[60,55],"_links":{"self":[{"href":"https:\/\/tamed.es\/es\/wp-json\/wp\/v2\/portfolio_item\/6875"}],"collection":[{"href":"https:\/\/tamed.es\/es\/wp-json\/wp\/v2\/portfolio_item"}],"about":[{"href":"https:\/\/tamed.es\/es\/wp-json\/wp\/v2\/types\/portfolio_item"}],"author":[{"embeddable":true,"href":"https:\/\/tamed.es\/es\/wp-json\/wp\/v2\/users\/1"}],"replies":[{"embeddable":true,"href":"https:\/\/tamed.es\/es\/wp-json\/wp\/v2\/comments?post=6875"}],"wp:featuredmedia":[{"embeddable":true,"href":"https:\/\/tamed.es\/es\/wp-json\/wp\/v2\/media\/6621"}],"wp:attachment":[{"href":"https:\/\/tamed.es\/es\/wp-json\/wp\/v2\/media?parent=6875"}],"wp:term":[{"taxonomy":"portfolio","embeddable":true,"href":"https:\/\/tamed.es\/es\/wp-json\/wp\/v2\/portfolio?post=6875"}],"curies":[{"name":"wp","href":"https:\/\/api.w.org\/{rel}","templated":true}]}}

<h2><strong>Proyecto | TORRE ESPACIO</strong></h2>
<p><strong>Diseño de propuesta gráfica</strong> para el edificio Torre Espacio en Madrid, en el Área Empresarial Cuatro Torres. Proyecto producido para Aguirre Newman.</p>
<div class="twocol-one">
<div style="width: 800px" class="wp-video"><!--[if lt IE 9]&gt;document.createElement('video');&lt;![endif]-->
<video class="wp-video-shortcode" id="video-6875-1" width="800" height="450" preload="metadata" controls="controls"><a href="https://tamed.es/wp-content/uploads/2017/01/video-TORRE-ESPACIO_con-cortinilla_small-2.m4v">https://tamed.es/wp-content/uploads/2017/01/video-TORRE-ESPACIO_con-cortinilla_small-2.m4v</a></video></div>
<p><img loading="lazy" class="alignnone size-large wp-image-6009" src="https://tamed.es/wp-content/uploads/2017/01/TorreEspacio02-683x1024.jpg" alt="" width="683" height="1024" /></div> <div class="twocol-one last">
<div style="width: 930px" class="wp-video"><video class="wp-video-shortcode" id="video-6875-2" width="930" height="523" preload="metadata" controls="controls"><a href="https://tamed.es/wp-content/uploads/2017/11/Video_web_3.m4v">https://tamed.es/wp-content/uploads/2017/11/Video_web_3.m4v</a></video></div>
<p><img loading="lazy" class="alignnone size-large wp-image-6008" src="https://tamed.es/wp-content/uploads/2017/01/TorreEspacio00-2-1024x717.jpg" alt="" width="930" height="651" /> <img loading="lazy" class="alignnone size-large wp-image-6010" src="https://tamed.es/wp-content/uploads/2017/01/TorreEspacio01-1024x717.jpg" alt="" width="930" height="651" /></div></p>

<p>Proyecto | TORRE ESPACIO Diseño de propuesta gráfica para el edificio Torre Espacio en Madrid, en el Área Empresarial Cuatro Torres. Proyecto producido para Aguirre Newman.</p>
