{"id":7010,"date":"2023-12-22T13:15:30","date_gmt":"2023-12-22T12:15:30","guid":{"rendered":"https:\/\/tamed.es\/project\/produccion-evento-aigostar\/"},"modified":"2023-12-27T16:59:10","modified_gmt":"2023-12-27T15:59:10","slug":"produccion-evento-aigostar","status":"publish","type":"portfolio_item","link":"https:\/\/tamed.es\/es\/project\/produccion-evento-aigostar\/","title":{"rendered":"Producci\u00f3n Evento | AIGOSTAR"},"content":{"rendered":"<h2 class=\"fw-special-title\">Producci\u00f3n Evento | AIGOSTAR<\/h2>\n<p>Evento de inauguraci\u00f3n de la nueva nave log\u00edstica de 24.000 metros cuadrados de Aigostar, empresa fabricante y distribuidora de productos electr\u00f3nicos y de iluminaci\u00f3n. Organizaci\u00f3n y producci\u00f3n de evento en exterior, catering, decoraci\u00f3n, ambientaci\u00f3n, sonido, etc.<\/p>\n<p> <img decoding=\"async\" loading=\"lazy\" src=\"https:\/\/tamed.es\/wp-content\/uploads\/2023\/12\/aigostar_1739-360x220.jpg\" alt=\"https:\/\/tamed.es\/wp-content\/uploads\/2023\/12\/aigostar_1739-360x220.jpg\" width=\"360\" height=\"220\"><br \/>\n <img decoding=\"async\" loading=\"lazy\" src=\"https:\/\/tamed.es\/wp-content\/uploads\/2023\/12\/aigostar_1751-360x220.jpg\" alt=\"https:\/\/tamed.es\/wp-content\/uploads\/2023\/12\/aigostar_1751-360x220.jpg\" width=\"360\" height=\"220\"><br \/>\n <img decoding=\"async\" loading=\"lazy\" src=\"https:\/\/tamed.es\/wp-content\/uploads\/2023\/12\/aigostar_1747-360x220.jpg\" alt=\"https:\/\/tamed.es\/wp-content\/uploads\/2023\/12\/aigostar_1747-360x220.jpg\" width=\"360\" height=\"220\"><br \/>\n <img decoding=\"async\" loading=\"lazy\" src=\"https:\/\/tamed.es\/wp-content\/uploads\/2023\/12\/aigostar_1746-360x220.jpg\" alt=\"https:\/\/tamed.es\/wp-content\/uploads\/2023\/12\/aigostar_1746-360x220.jpg\" width=\"360\" height=\"220\"><br \/>\n <img decoding=\"async\" loading=\"lazy\" src=\"https:\/\/tamed.es\/wp-content\/uploads\/2023\/12\/aigostar_1741-360x220.jpg\" alt=\"https:\/\/tamed.es\/wp-content\/uploads\/2023\/12\/aigostar_1741-360x220.jpg\" width=\"360\" height=\"220\"><br \/>\n <img decoding=\"async\" loading=\"lazy\" src=\"https:\/\/tamed.es\/wp-content\/uploads\/2023\/12\/aigostar_1740-360x220.jpg\" alt=\"https:\/\/tamed.es\/wp-content\/uploads\/2023\/12\/aigostar_1740-360x220.jpg\" width=\"360\" height=\"220\"><br \/>\n <img decoding=\"async\" loading=\"lazy\" src=\"https:\/\/tamed.es\/wp-content\/uploads\/2023\/12\/aigostar_1759-rotated-420x600.jpg\" alt=\"https:\/\/tamed.es\/wp-content\/uploads\/2023\/12\/aigostar_1759-rotated-420x600.jpg\" width=\"420\" height=\"600\"><br \/>\n <img decoding=\"async\" loading=\"lazy\" src=\"https:\/\/tamed.es\/wp-content\/uploads\/2023\/12\/aigostar_1750-rotated-420x600.jpg\" alt=\"https:\/\/tamed.es\/wp-content\/uploads\/2023\/12\/aigostar_1750-rotated-420x600.jpg\" width=\"420\" height=\"600\"><\/p>\n<p><!-- 9d9e08abd898dbaffa68b8a6c11837b2 --><\/p>\n","protected":false},"excerpt":{"rendered":"<p>Producci\u00f3n Evento | AIGOSTAR Evento de inauguraci\u00f3n de la nueva nave log\u00edstica de 24.000 metros cuadrados de Aigostar, empresa fabricante y distribuidora de productos electr\u00f3nicos y de iluminaci\u00f3n. Organizaci\u00f3n y producci\u00f3n de evento en exterior, catering, decoraci\u00f3n, ambientaci\u00f3n, sonido, etc.<\/p>\n","protected":false},"author":1,"featured_media":6921,"comment_status":"closed","ping_status":"closed","template":"","meta":[],"portfolio":[63],"_links":{"self":[{"href":"https:\/\/tamed.es\/es\/wp-json\/wp\/v2\/portfolio_item\/7010"}],"collection":[{"href":"https:\/\/tamed.es\/es\/wp-json\/wp\/v2\/portfolio_item"}],"about":[{"href":"https:\/\/tamed.es\/es\/wp-json\/wp\/v2\/types\/portfolio_item"}],"author":[{"embeddable":true,"href":"https:\/\/tamed.es\/es\/wp-json\/wp\/v2\/users\/1"}],"replies":[{"embeddable":true,"href":"https:\/\/tamed.es\/es\/wp-json\/wp\/v2\/comments?post=7010"}],"wp:featuredmedia":[{"embeddable":true,"href":"https:\/\/tamed.es\/es\/wp-json\/wp\/v2\/media\/6921"}],"wp:attachment":[{"href":"https:\/\/tamed.es\/es\/wp-json\/wp\/v2\/media?parent=7010"}],"wp:term":[{"taxonomy":"portfolio","embeddable":true,"href":"https:\/\/tamed.es\/es\/wp-json\/wp\/v2\/portfolio?post=7010"}],"curies":[{"name":"wp","href":"https:\/\/api.w.org\/{rel}","templated":true}]}}

Producción Evento | AIGOSTAR

<h2 class="fw-special-title">Producción Evento | AIGOSTAR</h2>
<p>Evento de inauguración de la nueva nave logística de 24.000 metros cuadrados de Aigostar, empresa fabricante y distribuidora de productos electrónicos y de iluminación. Organización y producción de evento en exterior, catering, decoración, ambientación, sonido, etc.</p>
<p> <img decoding="async" loading="lazy" src="https://tamed.es/wp-content/uploads/2023/12/aigostar_1739-360x220.jpg" alt="https://tamed.es/wp-content/uploads/2023/12/aigostar_1739-360x220.jpg" width="360" height="220"><br />
 <img decoding="async" loading="lazy" src="https://tamed.es/wp-content/uploads/2023/12/aigostar_1751-360x220.jpg" alt="https://tamed.es/wp-content/uploads/2023/12/aigostar_1751-360x220.jpg" width="360" height="220"><br />
 <img decoding="async" loading="lazy" src="https://tamed.es/wp-content/uploads/2023/12/aigostar_1747-360x220.jpg" alt="https://tamed.es/wp-content/uploads/2023/12/aigostar_1747-360x220.jpg" width="360" height="220"><br />
 <img decoding="async" loading="lazy" src="https://tamed.es/wp-content/uploads/2023/12/aigostar_1746-360x220.jpg" alt="https://tamed.es/wp-content/uploads/2023/12/aigostar_1746-360x220.jpg" width="360" height="220"><br />
 <img decoding="async" loading="lazy" src="https://tamed.es/wp-content/uploads/2023/12/aigostar_1741-360x220.jpg" alt="https://tamed.es/wp-content/uploads/2023/12/aigostar_1741-360x220.jpg" width="360" height="220"><br />
 <img decoding="async" loading="lazy" src="https://tamed.es/wp-content/uploads/2023/12/aigostar_1740-360x220.jpg" alt="https://tamed.es/wp-content/uploads/2023/12/aigostar_1740-360x220.jpg" width="360" height="220"><br />
 <img decoding="async" loading="lazy" src="https://tamed.es/wp-content/uploads/2023/12/aigostar_1759-rotated-420x600.jpg" alt="https://tamed.es/wp-content/uploads/2023/12/aigostar_1759-rotated-420x600.jpg" width="420" height="600"><br />
 <img decoding="async" loading="lazy" src="https://tamed.es/wp-content/uploads/2023/12/aigostar_1750-rotated-420x600.jpg" alt="https://tamed.es/wp-content/uploads/2023/12/aigostar_1750-rotated-420x600.jpg" width="420" height="600"></p>
<p><!-- 9d9e08abd898dbaffa68b8a6c11837b2 --></p>

<p>Producción Evento | AIGOSTAR Evento de inauguración de la nueva nave logística de 24.000 metros cuadrados de Aigostar, empresa fabricante y distribuidora de productos electrónicos y de iluminación. Organización y producción de evento en exterior, catering, decoración, ambientación, sonido, etc.</p>
